{"id":1085,"date":"2024-01-28T17:04:25","date_gmt":"2024-01-28T16:04:25","guid":{"rendered":"https:\/\/corpseveil.com\/?post_type=tribe_events&#038;p=1085"},"modified":"2024-02-06T14:57:39","modified_gmt":"2024-02-06T13:57:39","slug":"viens-me-rencontrer-a-satoriz-a-anthy-sur-leman-74","status":"publish","type":"tribe_events","link":"https:\/\/corpseveil.com\/index.php\/event\/viens-me-rencontrer-a-satoriz-a-anthy-sur-leman-74\/","title":{"rendered":"\ud83d\ude4b\u200d\u2640\ufe0fViens me rencontrer \u00e0 Satoriz \u00e0 Anthy-sur-L\u00e9man 74"},"content":{"rendered":"<p>Retrouve moi \u00e0 Anthy-sur-l\u00e9man 74<br \/>\nR\u00e9serve ton Rdv offert entre 11h et 17h.<br \/>\nNous ferons connaissance autour d&rsquo;une tisane bio. Gr\u00e2ce \u00e0 un petit questionnaire, nous ferons le bilan concernant ton \u00e9quilibre de vie et tes besoins prioritaires. Nous mettrons en lumi\u00e8re les failles qui t&#8217;emp\u00eachent d&rsquo;\u00eatre \u00e9panouie. Nous valoriserons les ressources sur lesquelles tu peux d&rsquo;ores et d\u00e9j\u00e0 t&rsquo;appuyer. Je te conseillerais sur le suivi le plus adapt\u00e9 pour amplifier ton mieux vivre et t&rsquo;\u00e9panouir au quotidien.<br \/>\n:<br \/>\nEnvoie moi maintenant un SMS pour r\u00e9server ta place !<br \/>\n06 23 67 14 04<br \/>\nJe me r\u00e9jouis de mieux te conna\u00eetre et de partager ce moment avec toi.<br \/>\nA tr\u00e8s vite, Anne-Laure<\/p>\n","protected":false},"excerpt":{"rendered":"<p>Retrouve moi \u00e0 Anthy-sur-l\u00e9man 74 R\u00e9serve ton Rdv offert entre 11h et 17h. Nous ferons connaissance autour d&rsquo;une tisane bio. Gr\u00e2ce \u00e0 un petit questionnaire, nous ferons le bilan concernant [&hellip;]<\/p>\n","protected":false},"author":1,"featured_media":0,"comment_status":"open","ping_status":"closed","template":"","meta":{"_tribe_events_status":"","_tribe_events_status_reason":"","footnotes":""},"tags":[],"tribe_events_cat":[],"class_list":["post-1085","tribe_events","type-tribe_events","status-publish","hentry"],"yoast_head":"<!-- This site is optimized with the Yoast SEO plugin v24.6 - https:\/\/yoast.com\/wordpress\/plugins\/seo\/ -->\n<title>\ud83d\ude4b\u200d\u2640\ufe0fViens me rencontrer \u00e0 Satoriz \u00e0 Anthy-sur-L\u00e9man 74 - Corps en Eveil - Anne-Laure Pegon<\/title>\n<meta name=\"robots\" content=\"index, follow, max-snippet:-1, max-image-preview:large, max-video-preview:-1\" \/>\n<link rel=\"canonical\" href=\"https:\/\/corpseveil.com\/index.php\/event\/viens-me-rencontrer-a-satoriz-a-anthy-sur-leman-74\/\" \/>\n<meta property=\"og:locale\" content=\"fr_FR\" \/>\n<meta property=\"og:type\" content=\"article\" \/>\n<meta property=\"og:title\" content=\"\ud83d\ude4b\u200d\u2640\ufe0fViens me rencontrer \u00e0 Satoriz \u00e0 Anthy-sur-L\u00e9man 74 - Corps en Eveil - Anne-Laure Pegon\" \/>\n<meta property=\"og:description\" content=\"Retrouve moi \u00e0 Anthy-sur-l\u00e9man 74 R\u00e9serve ton Rdv offert entre 11h et 17h. Nous ferons connaissance autour d&rsquo;une tisane bio. Gr\u00e2ce \u00e0 un petit questionnaire, nous ferons le bilan concernant [&hellip;]\" \/>\n<meta property=\"og:url\" content=\"https:\/\/corpseveil.com\/index.php\/event\/viens-me-rencontrer-a-satoriz-a-anthy-sur-leman-74\/\" \/>\n<meta property=\"og:site_name\" content=\"Corps en Eveil - Anne-Laure Pegon\" \/>\n<meta property=\"article:modified_time\" content=\"2024-02-06T13:57:39+00:00\" \/>\n<meta name=\"twitter:card\" content=\"summary_large_image\" \/>\n<meta name=\"twitter:label1\" content=\"Dur\u00e9e de lecture estim\u00e9e\" \/>\n\t<meta name=\"twitter:data1\" content=\"1 minute\" \/>\n<script type=\"application\/ld+json\" class=\"yoast-schema-graph\">{\"@context\":\"https:\/\/schema.org\",\"@graph\":[{\"@type\":\"WebPage\",\"@id\":\"https:\/\/corpseveil.com\/index.php\/event\/viens-me-rencontrer-a-satoriz-a-anthy-sur-leman-74\/\",\"url\":\"https:\/\/corpseveil.com\/index.php\/event\/viens-me-rencontrer-a-satoriz-a-anthy-sur-leman-74\/\",\"name\":\"\ud83d\ude4b\u200d\u2640\ufe0fViens me rencontrer \u00e0 Satoriz \u00e0 Anthy-sur-L\u00e9man 74 - Corps en Eveil - Anne-Laure Pegon\",\"isPartOf\":{\"@id\":\"https:\/\/corpseveil.com\/#website\"},\"datePublished\":\"2024-01-28T16:04:25+00:00\",\"dateModified\":\"2024-02-06T13:57:39+00:00\",\"breadcrumb\":{\"@id\":\"https:\/\/corpseveil.com\/index.php\/event\/viens-me-rencontrer-a-satoriz-a-anthy-sur-leman-74\/#breadcrumb\"},\"inLanguage\":\"fr-FR\",\"potentialAction\":[{\"@type\":\"ReadAction\",\"target\":[\"https:\/\/corpseveil.com\/index.php\/event\/viens-me-rencontrer-a-satoriz-a-anthy-sur-leman-74\/\"]}]},{\"@type\":\"BreadcrumbList\",\"@id\":\"https:\/\/corpseveil.com\/index.php\/event\/viens-me-rencontrer-a-satoriz-a-anthy-sur-leman-74\/#breadcrumb\",\"itemListElement\":[{\"@type\":\"ListItem\",\"position\":1,\"name\":\"Accueil\",\"item\":\"https:\/\/corpseveil.com\/\"},{\"@type\":\"ListItem\",\"position\":2,\"name\":\"\u00c9v\u00e8nements\",\"item\":\"https:\/\/corpseveil.com\/index.php\/events\/\"},{\"@type\":\"ListItem\",\"position\":3,\"name\":\"\ud83d\ude4b\u200d\u2640\ufe0fViens me rencontrer \u00e0 Satoriz \u00e0 Anthy-sur-L\u00e9man 74\"}]},{\"@type\":\"WebSite\",\"@id\":\"https:\/\/corpseveil.com\/#website\",\"url\":\"https:\/\/corpseveil.com\/\",\"name\":\"Corps en Eveil - Anne-Laure Pegon\",\"description\":\"Th\u00e9rapeute Psychocorporelle Haute Savoie et Vall\u00e9e Verte 74\",\"publisher\":{\"@id\":\"https:\/\/corpseveil.com\/#organization\"},\"potentialAction\":[{\"@type\":\"SearchAction\",\"target\":{\"@type\":\"EntryPoint\",\"urlTemplate\":\"https:\/\/corpseveil.com\/?s={search_term_string}\"},\"query-input\":{\"@type\":\"PropertyValueSpecification\",\"valueRequired\":true,\"valueName\":\"search_term_string\"}}],\"inLanguage\":\"fr-FR\"},{\"@type\":\"Organization\",\"@id\":\"https:\/\/corpseveil.com\/#organization\",\"name\":\"Corps en Eveil - Anne-Laure Pegon\",\"url\":\"https:\/\/corpseveil.com\/\",\"logo\":{\"@type\":\"ImageObject\",\"inLanguage\":\"fr-FR\",\"@id\":\"https:\/\/corpseveil.com\/#\/schema\/logo\/image\/\",\"url\":\"https:\/\/corpseveil.com\/wp-content\/uploads\/2023\/07\/cropped-CEE_LOGO_BLANC.png\",\"contentUrl\":\"https:\/\/corpseveil.com\/wp-content\/uploads\/2023\/07\/cropped-CEE_LOGO_BLANC.png\",\"width\":2842,\"height\":2421,\"caption\":\"Corps en Eveil - Anne-Laure Pegon\"},\"image\":{\"@id\":\"https:\/\/corpseveil.com\/#\/schema\/logo\/image\/\"}}]}<\/script>\n<!-- \/ Yoast SEO plugin. -->","yoast_head_json":{"title":"\ud83d\ude4b\u200d\u2640\ufe0fViens me rencontrer \u00e0 Satoriz \u00e0 Anthy-sur-L\u00e9man 74 - Corps en Eveil - Anne-Laure Pegon","robots":{"index":"index","follow":"follow","max-snippet":"max-snippet:-1","max-image-preview":"max-image-preview:large","max-video-preview":"max-video-preview:-1"},"canonical":"https:\/\/corpseveil.com\/index.php\/event\/viens-me-rencontrer-a-satoriz-a-anthy-sur-leman-74\/","og_locale":"fr_FR","og_type":"article","og_title":"\ud83d\ude4b\u200d\u2640\ufe0fViens me rencontrer \u00e0 Satoriz \u00e0 Anthy-sur-L\u00e9man 74 - Corps en Eveil - Anne-Laure Pegon","og_description":"Retrouve moi \u00e0 Anthy-sur-l\u00e9man 74 R\u00e9serve ton Rdv offert entre 11h et 17h. Nous ferons connaissance autour d&rsquo;une tisane bio. Gr\u00e2ce \u00e0 un petit questionnaire, nous ferons le bilan concernant [&hellip;]","og_url":"https:\/\/corpseveil.com\/index.php\/event\/viens-me-rencontrer-a-satoriz-a-anthy-sur-leman-74\/","og_site_name":"Corps en Eveil - Anne-Laure Pegon","article_modified_time":"2024-02-06T13:57:39+00:00","twitter_card":"summary_large_image","twitter_misc":{"Dur\u00e9e de lecture estim\u00e9e":"1 minute"},"schema":{"@context":"https:\/\/schema.org","@graph":[{"@type":"WebPage","@id":"https:\/\/corpseveil.com\/index.php\/event\/viens-me-rencontrer-a-satoriz-a-anthy-sur-leman-74\/","url":"https:\/\/corpseveil.com\/index.php\/event\/viens-me-rencontrer-a-satoriz-a-anthy-sur-leman-74\/","name":"\ud83d\ude4b\u200d\u2640\ufe0fViens me rencontrer \u00e0 Satoriz \u00e0 Anthy-sur-L\u00e9man 74 - Corps en Eveil - Anne-Laure Pegon","isPartOf":{"@id":"https:\/\/corpseveil.com\/#website"},"datePublished":"2024-01-28T16:04:25+00:00","dateModified":"2024-02-06T13:57:39+00:00","breadcrumb":{"@id":"https:\/\/corpseveil.com\/index.php\/event\/viens-me-rencontrer-a-satoriz-a-anthy-sur-leman-74\/#breadcrumb"},"inLanguage":"fr-FR","potentialAction":[{"@type":"ReadAction","target":["https:\/\/corpseveil.com\/index.php\/event\/viens-me-rencontrer-a-satoriz-a-anthy-sur-leman-74\/"]}]},{"@type":"BreadcrumbList","@id":"https:\/\/corpseveil.com\/index.php\/event\/viens-me-rencontrer-a-satoriz-a-anthy-sur-leman-74\/#breadcrumb","itemListElement":[{"@type":"ListItem","position":1,"name":"Accueil","item":"https:\/\/corpseveil.com\/"},{"@type":"ListItem","position":2,"name":"\u00c9v\u00e8nements","item":"https:\/\/corpseveil.com\/index.php\/events\/"},{"@type":"ListItem","position":3,"name":"\ud83d\ude4b\u200d\u2640\ufe0fViens me rencontrer \u00e0 Satoriz \u00e0 Anthy-sur-L\u00e9man 74"}]},{"@type":"WebSite","@id":"https:\/\/corpseveil.com\/#website","url":"https:\/\/corpseveil.com\/","name":"Corps en Eveil - Anne-Laure Pegon","description":"Th\u00e9rapeute Psychocorporelle Haute Savoie et Vall\u00e9e Verte 74","publisher":{"@id":"https:\/\/corpseveil.com\/#organization"},"potentialAction":[{"@type":"SearchAction","target":{"@type":"EntryPoint","urlTemplate":"https:\/\/corpseveil.com\/?s={search_term_string}"},"query-input":{"@type":"PropertyValueSpecification","valueRequired":true,"valueName":"search_term_string"}}],"inLanguage":"fr-FR"},{"@type":"Organization","@id":"https:\/\/corpseveil.com\/#organization","name":"Corps en Eveil - Anne-Laure Pegon","url":"https:\/\/corpseveil.com\/","logo":{"@type":"ImageObject","inLanguage":"fr-FR","@id":"https:\/\/corpseveil.com\/#\/schema\/logo\/image\/","url":"https:\/\/corpseveil.com\/wp-content\/uploads\/2023\/07\/cropped-CEE_LOGO_BLANC.png","contentUrl":"https:\/\/corpseveil.com\/wp-content\/uploads\/2023\/07\/cropped-CEE_LOGO_BLANC.png","width":2842,"height":2421,"caption":"Corps en Eveil - Anne-Laure Pegon"},"image":{"@id":"https:\/\/corpseveil.com\/#\/schema\/logo\/image\/"}}]}},"_links":{"self":[{"href":"https:\/\/corpseveil.com\/index.php\/wp-json\/wp\/v2\/tribe_events\/1085","targetHints":{"allow":["GET"]}}],"collection":[{"href":"https:\/\/corpseveil.com\/index.php\/wp-json\/wp\/v2\/tribe_events"}],"about":[{"href":"https:\/\/corpseveil.com\/index.php\/wp-json\/wp\/v2\/types\/tribe_events"}],"author":[{"embeddable":true,"href":"https:\/\/corpseveil.com\/index.php\/wp-json\/wp\/v2\/users\/1"}],"replies":[{"embeddable":true,"href":"https:\/\/corpseveil.com\/index.php\/wp-json\/wp\/v2\/comments?post=1085"}],"version-history":[{"count":0,"href":"https:\/\/corpseveil.com\/index.php\/wp-json\/wp\/v2\/tribe_events\/1085\/revisions"}],"wp:attachment":[{"href":"https:\/\/corpseveil.com\/index.php\/wp-json\/wp\/v2\/media?parent=1085"}],"wp:term":[{"taxonomy":"post_tag","embeddable":true,"href":"https:\/\/corpseveil.com\/index.php\/wp-json\/wp\/v2\/tags?post=1085"},{"taxonomy":"tribe_events_cat","embeddable":true,"href":"https:\/\/corpseveil.com\/index.php\/wp-json\/wp\/v2\/tribe_events_cat?post=1085"}],"curies":[{"name":"wp","href":"https:\/\/api.w.org\/{rel}","templated":true}]}}

🙋‍♀️Viens me rencontrer à Satoriz à Anthy-sur-Léman 74

<p>Retrouve moi à Anthy-sur-léman 74<br />
Réserve ton Rdv offert entre 11h et 17h.<br />
Nous ferons connaissance autour d&rsquo;une tisane bio. Grâce à un petit questionnaire, nous ferons le bilan concernant ton équilibre de vie et tes besoins prioritaires. Nous mettrons en lumière les failles qui t&#8217;empêchent d&rsquo;être épanouie. Nous valoriserons les ressources sur lesquelles tu peux d&rsquo;ores et déjà t&rsquo;appuyer. Je te conseillerais sur le suivi le plus adapté pour amplifier ton mieux vivre et t&rsquo;épanouir au quotidien.<br />
:<br />
Envoie moi maintenant un SMS pour réserver ta place !<br />
06 23 67 14 04<br />
Je me réjouis de mieux te connaître et de partager ce moment avec toi.<br />
A très vite, Anne-Laure</p>

<p>Retrouve moi à Anthy-sur-léman 74 Réserve ton Rdv offert entre 11h et 17h. Nous ferons connaissance autour d&rsquo;une tisane bio. Grâce à un petit questionnaire, nous ferons le bilan concernant [&hellip;]</p>

<!-- This site is optimized with the Yoast SEO plugin v24.6 - https://yoast.com/wordpress/plugins/seo/ -->
<title>🙋‍♀️Viens me rencontrer à Satoriz à Anthy-sur-Léman 74 - Corps en Eveil - Anne-Laure Pegon</title>
<meta name="robots" content="index, follow, max-snippet:-1, max-image-preview:large, max-video-preview:-1" />
<link rel="canonical" href="https://corpseveil.com/index.php/event/viens-me-rencontrer-a-satoriz-a-anthy-sur-leman-74/" />
<meta property="og:locale" content="fr_FR" />
<meta property="og:type" content="article" />
<meta property="og:title" content="🙋‍♀️Viens me rencontrer à Satoriz à Anthy-sur-Léman 74 - Corps en Eveil - Anne-Laure Pegon" />
<meta property="og:description" content="Retrouve moi à Anthy-sur-léman 74 Réserve ton Rdv offert entre 11h et 17h. Nous ferons connaissance autour d&rsquo;une tisane bio. Grâce à un petit questionnaire, nous ferons le bilan concernant [&hellip;]" />
<meta property="og:url" content="https://corpseveil.com/index.php/event/viens-me-rencontrer-a-satoriz-a-anthy-sur-leman-74/" />
<meta property="og:site_name" content="Corps en Eveil - Anne-Laure Pegon" />
<meta property="article:modified_time" content="2024-02-06T13:57:39+00:00" />
<meta name="twitter:card" content="summary_large_image" />
<meta name="twitter:label1" content="Durée de lecture estimée" />
	<meta name="twitter:data1" content="1 minute" />
<script type="application/ld+json" class="yoast-schema-graph">{"@context":"https://schema.org","@graph":[{"@type":"WebPage","@id":"https://corpseveil.com/index.php/event/viens-me-rencontrer-a-satoriz-a-anthy-sur-leman-74/","url":"https://corpseveil.com/index.php/event/viens-me-rencontrer-a-satoriz-a-anthy-sur-leman-74/","name":"🙋‍♀️Viens me rencontrer à Satoriz à Anthy-sur-Léman 74 - Corps en Eveil - Anne-Laure Pegon","isPartOf":{"@id":"https://corpseveil.com/#website"},"datePublished":"2024-01-28T16:04:25+00:00","dateModified":"2024-02-06T13:57:39+00:00","breadcrumb":{"@id":"https://corpseveil.com/index.php/event/viens-me-rencontrer-a-satoriz-a-anthy-sur-leman-74/#breadcrumb"},"inLanguage":"fr-FR","potentialAction":[{"@type":"ReadAction","target":["https://corpseveil.com/index.php/event/viens-me-rencontrer-a-satoriz-a-anthy-sur-leman-74/"]}]},{"@type":"BreadcrumbList","@id":"https://corpseveil.com/index.php/event/viens-me-rencontrer-a-satoriz-a-anthy-sur-leman-74/#breadcrumb","itemListElement":[{"@type":"ListItem","position":1,"name":"Accueil","item":"https://corpseveil.com/"},{"@type":"ListItem","position":2,"name":"Évènements","item":"https://corpseveil.com/index.php/events/"},{"@type":"ListItem","position":3,"name":"🙋‍♀️Viens me rencontrer à Satoriz à Anthy-sur-Léman 74"}]},{"@type":"WebSite","@id":"https://corpseveil.com/#website","url":"https://corpseveil.com/","name":"Corps en Eveil - Anne-Laure Pegon","description":"Thérapeute Psychocorporelle Haute Savoie et Vallée Verte 74","publisher":{"@id":"https://corpseveil.com/#organization"},"potentialAction":[{"@type":"SearchAction","target":{"@type":"EntryPoint","urlTemplate":"https://corpseveil.com/?s={search_term_string}"},"query-input":{"@type":"PropertyValueSpecification","valueRequired":true,"valueName":"search_term_string"}}],"inLanguage":"fr-FR"},{"@type":"Organization","@id":"https://corpseveil.com/#organization","name":"Corps en Eveil - Anne-Laure Pegon","url":"https://corpseveil.com/","logo":{"@type":"ImageObject","inLanguage":"fr-FR","@id":"https://corpseveil.com/#/schema/logo/image/","url":"https://corpseveil.com/wp-content/uploads/2023/07/cropped-CEE_LOGO_BLANC.png","contentUrl":"https://corpseveil.com/wp-content/uploads/2023/07/cropped-CEE_LOGO_BLANC.png","width":2842,"height":2421,"caption":"Corps en Eveil - Anne-Laure Pegon"},"image":{"@id":"https://corpseveil.com/#/schema/logo/image/"}}]}</script>
<!-- / Yoast SEO plugin. -->

🙋‍♀️Viens me rencontrer à Satoriz à Anthy-sur-Léman 74 - Corps en Eveil - Anne-Laure Pegon

Retrouve moi à Anthy-sur-léman 74 Réserve ton Rdv offert entre 11h et 17h. Nous ferons connaissance autour d&rsquo;une tisane bio. Grâce à un petit questionnaire, nous ferons le bilan concernant [&hellip;]

Évènements

Thérapeute Psychocorporelle Haute Savoie et Vallée Verte 74
